96312?
4
What is the thousands digit of 4650895?
0
What is the hundred thousands digit of 2449740?
4
What is the tens digit of 8939985?
8
What is the hundreds digit of 4901654?
6
What is the hundred thousands digit of 374007?
3
What is the hundred thousands digit of 27752694?
7
What is the tens digit of 863731?
3
What is the millions digit of 8535734?
8
What is the tens digit of 3623913?
1
What is the units digit of 605545?
5
What is the hundreds digit of 104301?
3
What is the thousands digit of 261240?
1
What is the hundred thousands digit of 7819615?
8
What is the thousands digit of 279117?
9
What is the tens digit of 354267?
6
What is the thousands digit of 427007?
7
What is the hundred thousands digit of 2157380?
1
What is the tens digit of 3282826?
2
What is the tens digit of 365262?
6
What is the ten thousands digit of 652261?
5
What is the thousands digit of 6984732?
4
What is the units digit of 715077?
7
What is the ten thousands digit of 1064854?
6
What is the units digit of 309878?
8
What is the units digit of 40964?
4
What is the tens digit of 1904441?
4
What is the ten thousands digit of 48977?
4
What is the units digit of 83478?
8
What is the hundreds digit of 969483?
4
What is the hundreds digit of 3252216?
2
What is the ten thousands digit of 17216825?
1
What is the hundreds digit of 66563?
5
What is the tens digit of 527365?
6
What is the tens digit of 677526?
2
What is the ten thousands digit of 2779332?
7
What is the hundreds digit of 310917?
9
What is the millions digit of 3683013?
3
What is the thousands digit of 1528822?
8
What is the units digit of 537756?
6
What is the ten thousands digit of 947068?
4
What is the hundreds digit of 2511749?
7
What is the units digit of 224748?
8
What is the units digit of 717583?
3
What is the millions digit of 1679771?
1
What is the units digit of 248257?
7
What is the ten millions digit of 15804173?
1
What is the ten thousands digit of 5529383?
2
What is the thousands digit of 2517758?
7
What is the hundred thousands digit of 150195?
1
What is the millions digit of 2390415?
2
What is the hundreds digit of 308432?
4
What is the ten thousands digit of 10278582?
7
What is the units digit of 21974102?
2
What is the ten thousands digit of 47957?
4
What is the millions digit of 1559708?
1
What is the tens digit of 189940?
4
What is the units digit of 522850?
0
What is the thousands digit of 15905?
5
What is the units digit of 736845?
5
What is the hundreds digit of 260281?
2
What is the units digit of 6832?
2
What is the millions digit of 1768821?
1
What is the ten thousands digit of 2410483?
1
What is the hundreds digit of 11546107?
1
What is the hundreds digit of 430907?
9
What is the tens digit of 141464?
6
What is the ten thousands digit of 42765?
4
What is the hundred thousands digit of 1274409?
2
What is the hundred thousands digit of 180512?
1
What is the hundred thousands digit of 980057?
9
What is the units digit of 1733805?
5
What is the hundreds digit of 1381954?
9
What is the ten thousands digit of 850055?
5
What is the hundreds digit of 637774?
7
What is the hundreds digit of 4547723?
7
What is the tens digit of 8240819?
1
What is the tens digit of 126409?
0
What is the hundred thousands digit of 200929?
2
What is the hundred thousands digit of 151317?
1
What is the units digit of 10299898?
8
What is the ten thousands digit of 106493?
0
What is the hundreds digit of 147471?
4
What is the tens digit of 847233?
3
What is the units digit of 900284?
4
What is the hundreds digit of 1788265?
2
What is the ten thousands digit of 21718709?
1
What is the units digit of 795255?
5
What is the ten thousands digit of 1307452?
0
What is the ten thousands digit of 162080?
6
What is the ten thousands digit of 4608624?
0
What is the ten millions digit of 16101899?
1
What is the millions digit of 11288391?
1
What is the ten thousands digit of 13465122?
6
What is the tens digit of 9431586?
8
What is the hundreds digit of 333426?
4
What is the hundreds digit of 4985913?
9
What is the hundreds digit of 5389?
3
What is the units digit of 235256?
6
What is the hundreds digit of 2524992?
9
What is the millions digit of 1868368?
1
What is the millions digit of 12216354?
2
What is the ten thousands digit of 96992?
9
What is the hundred thousands digit of 11653316?
6
What is the tens digit of 1871291?
9
What is the units digit of 3314134?
4
What is the thousands digit of 1379894?
9
What is the units digit of 163962?
2
What is the thousands digit of 286130?
6
What is the ten thousands digit of 10540375?
4
What is the tens digit of 1807247?
4
What is the units digit of 643700?
0
What is the tens digit of 12295285?
8
What is the thousands digit of 555893?
5
What is the hundreds digit of 134405?
4
What is the units digit of 13543700?
0
What is the tens digit of 460420?
2
What is the thousands digit of 1623156?
3
What is the thousands digit of 934507?
4
What is the ten thousands digit of 11401873?
0
What is the tens digit of 71373?
7
What is the thousands digit of 1138037?
8
What is the units digit of 932765?
5
What is the ten thousands digit of 227459?
2
What is the tens digit of 1943553?
5
What is the thousands digit of 3689207?
9
What is the thousands digit of 526531?
6
What is the hundreds digit of 24306?
3
What is the hundred thousands digit of 1257468?
2
What is the ten thousands digit of 13265?
1
What is the ten thousands digit of 330824?
3
What is the ten thousands digit of 346575?
4
What is the hundreds digit of 130604?
6
What is the tens digit of 69066?
6
What is the thousands digit of 102972?
2
What is the tens digit of 78102?
0
What is the ten thousands digit of 1978211?
7
What is the thousands digit of 264851?
4
What is the thousands digit of 288572?
8
What is the ten thousands digit of 128207?
2
What is the millions digit of 4753473?
4
What is the hundred thousands digit of 4555187?
5
What is the hundred thousands digit of 310698?
3
What is the hundreds digit of 7662245?
2
What is the millions digit of 18110118?
8
What is the tens digit of 3349852?
5
What is the units digit of 1223479?
9
What is the hundreds digit of 2400253?
2
What is the hundred thousands digit of 758887?
7
What is the units digit of 350038?
8
What is the units digit of 12476883?
3
What is the units digit of 12633171?
1
What is the hundreds digit of 201406?
4
What is the hundred thousands digit of 1353782?
3
What is the thousands digit of 2526419?
6
What is the units digit of 21790009?
9
What is the thousands digit of 2074683?
4
What is the ten thousands digit of 494006?
9
What is the hundreds digit of 6030393?
3
What is the tens digit of 669218?
1
What is the ten thousands digit of 1048362?
4
What is the tens digit of 13155825?
2
What is the ten thousands digit of 260190?
6
What is the hundred thousands digit of 953277?
9
What is the millions digit of 1523338?
1
What is the units digit of 524222?
2
What is the units digit of 3343733?
3
What is the ten thousands digit of 136356?
3
What is the units digit of 39402115?
5
What is the thousands digit of 4254461?
4
What is the hundreds digit of 5888191?
1
What is the hundred thousands digit of 2033690?
0
What is the thousands digit of 4831890?
1
What is the units digit of 57842?
2
What is the hundred thousands digit of 340103?
3
What is the hundred thousands digit of 322748?
3
What is the units digit of 36527?
7
What is the hundred thousands digit of 1993193?
9
What is the units digit of 330045?
5
What is the hundred thousands digit of 2908317?
9
What is the ten thousands digit of 2314243?
1
What is the thousands digit of 193126?
3
What is the ten thousands digit of 1545040?
4
What is the thousands digit of 5184928?
4
What is the ten thousands digit of 2844451?
4
What is the tens digit of 21866520?
2
What is the hundred thousands digit of 6202362?
2
What is the hundred thousands digit of 1204710?
2
What is the thousands digit of 6894565?
4
What is the ten millions digit of 13145708?
1
What is the millions digit of 1714699?
1
What is the hundreds digit of 9539956?
9
What is the tens digit of 161444?
4
What is the hundred thousands digit of 347358?
3
What is the units digit of 1388593?
3
What is the ten thousands digit of 26360752?
6
What is the tens digit of 2301345?
4
What is th